3 + 81 = q. What is k(a)?
-2
Let r(v) be the first derivative of v**3/3 + 9*v**2/2 + 4*v - 926. Let k(f) = f**3 + 7*f**2 - 7*f + 4. Suppose 6*w - 8*w = 16. Let a be k(w). Determine r(a).
-16
Suppose -g = -2*n - 22, 16 = -345*n + 343*n - 2*g. Let c(b) = -2*b**3 - 21*b**2 - 8*b - 12. Determine c(n).
-32
Let x(w) = w. Suppose 2*j + 3*o = 9, -3*o = -3 + 6. Suppose 0 = -b, -2*k - 3*b + 21 = -27. Suppose -i - j = -2, k = -2*r - 3*i. Calculate x(r).
-6
Let s(g) be the third derivative of 0*g - 1/24*g**4 - 4 - 4/3*g**3 + 1/60*g**5 - 5*g**2. Give s(7).
34
Let d = -805 + 810. Let a(r) be the third derivative of 0*r + 0 - 2*r**2 + 7/6*r**3 - 1/24*r**4. What is a(d)?
2
Let s be ((-4966)/(-52))/(2/4). Let p = s - 195. Let v(h) = -h**2 - 6*h - 6. Give v(p).
2
Let s be -3*(-9 - (-14 + 3)). Let m(n) = -2 - 2 - 2 + 5 - 3*n. Calculate m(s).
17
Let c(w) = 7*w**2 + 112*w + 181. Let l be c(-14). Let r(t) = t**3 + 17*t**2 + 23*t - 8. Give r(l).
97
Let v(s) = -19*s + 44. Let l(z) = z**3 - 93*z**2 + 3*z - 276. Let h be l(93). Give v(h).
-13
Let g(z) be the third derivative of -1/12*z**4 + 26 - 3*z**2 + 1/3*z**3 + 0*z + 1/60*z**5. What is g(5)?
17
Suppose 5*o + 4*t = -0*t + 59, -8*o + 2*t = -86. Let u(f) = f**3 - 10*f**2 + 3*f - 2. Determine u(o).
152
Let v(d) = 2*d + 8. Let q(t) = t - 89 + 42 + 36. Let s(c) = -c + 18. Let w be s(13). Let j be q(w). Give v(j).
-4
Suppose -25992*h + 25981*h + 22 = 0. Let g(k) = -5*k - 1. Let q be g(-1). Let m(i) = 0*i - i**h - 20 + q*i + 23. Determine m(6).
-9
Suppose 20*o - 3003 = 71*o + 40*o. Let z(a) = 2*a + 77. Give z(o).
11
Suppose -4*c = -13*c + 558. Suppose -10*a + 12 = c. Let w(i) = -7*i - 5. Let j(h) = -6*h - 4. Let u(r) = a*w(r) + 6*j(r). Give u(-1).
2
Let g(f) = f**2 - f + 5. Let h = -189 + 108. Let z = -81 - h. Determine g(z).
5
Let d be 51/(-5) - 2961/(-705). Let j(g) = 4*g**2 + 5*g - 14. What is j(d)?
100
Let d(i) = -2*i + 1. Let p(k) be the first derivative of 3*k**2/2 - k + 65. Let v(t) = 6*d(t) + 5*p(t). What is v(-6)?
-17
Let u be 3 + -3 - (0 - (1 - -3)). Let p(g) = -g**2 - g. Let d(n) = -5*n**2 - 10*n + 8. Let i(r) = u*p(r) - d(r). Calculate i(-7).
-1
Let g(l) = l**2 - 2*l - 6. Let p = 1928 - 1928. Calculate g(p).
-6
Let x(w) be the third derivative of 7/6*w**3 + 0*w + w**2 + 1/60*w**5 + 66 + 1/3*w**4. Give x(-4).
-9
Let a(m) be the second derivative of m**5/30 + m**4/6 + 5*m**3/2 + m**2 + 269*m. Let q(o) be the second derivative of a(o). Give q(-3).
-8
Let j(y) = -2*y**3 - 35*y**2 - 13*y + 72. Suppose -41 = n + 4*t, 0*n + 2*t + 46 = -2*n. What is j(n)?
4
Let s be 107/3 - (-3)/9. Suppose 6*v - 3*v - 4*m - 8 = 0, s = 5*v - m. Let a(z) = -584 - z**2 + 0*z + 594 + 5*z. Determine a(v).
-14
Let j(q) = -4*q**2 - 435*q - 327. Let i be j(-108). Let s(n) = -6*n**3 - n**2 + 5*n - 6. Give s(i).
132
Let a(k) = k**2 - 19*k + 6. Let o(h) = -2*h - 1. Let b(z) = -a(z) + 5*o(z). What is b(5)?
9
Let s(l) = 10*l**2. Let r be (2 + (1 - -47))/(2/3). Let q = -82 + r. Let v(b) = 3*b**2. Let i(n) = q*v(n) + 2*s(n). Give i(-3).
-9
Let l(p) = -p**2 + 6*p + 9. Suppose -n + 29 = -2*w, 0*n + 48 = -4*w + 4*n. Let f be (-1)/2*(-1 + w). Let i = -2 + f. Determine l(i).
2
Let l be (16 - 12)*(-1 - (5 - 7)). Let q(v) = -11*v - 4. What is q(l)?
-48
Suppose -304*m + 504 = -493*m + 252*m. Let d(b) = -b**3 + 9*b**2 + 4*b - 103. Determine d(m).
-7
Suppose 14*q - 92 = 5*z, z + 63 - 27 = 5*q. Let w(p) = p**3 - 8*p**2 - 2*p - 1. Calculate w(q).
-17
Suppose 7*f - 13 - 22 = 0. Let g(k) = -3*k + 22. Let t(m) = 2*m - 15. Let n(u) = f*g(u) + 7*t(u). Give n(9).
-4
Let v(p) = 8*p + 72. Let g(l) = -l**3 - 54*l**2 - 144*l + 442. Let k be g(-51). Determine v(k).
-64
Let u(b) be the first derivative of -9*b**2/2 - 56*b - 770. Give u(-9).
25
Let m(p) = 3*p**2 + 130*p + 303. Let g be m(-41). Let n(w) = w**2 - 19*w + 57. Determine n(g).
9
Let d(p) = p**3 + 12*p**2 + 6*p - 49. Let s be -1*(13 - 1) - -1. Let u be d(s). Let j(q) = 2*q + 3. Calculate j(u).
15
Let v(f) = -2*f**3 - f**2. Let l = -11 - -48. Suppose -24*b - 13 = -l. Calculate v(b).
-3
Let j be (1/3)/(33/34056). Let u be j/72 + 16/72. Let c(k) = -2*k - 2. What is c(u)?
-12
Let p(l) = 25*l - 49. Let d(k) = 651*k + 3908. Let z be d(-6). Determine p(z).
1
Let o(c) = c**3 - 6*c**2 - 6*c - 7. Suppose 0 = 8*g - 13*g + x + 35, -2*g + 5*x = -14. Determine o(g).
0
Let l = -765 + 771. Let n(i) = 11*i + 7*i - 7 - 17*i. Determine n(l).
-1
Let n(p) = p**3 - 43*p**2 + 6*p - 6. Let h(k) = -12*k**2 + 2*k + 1. Let t(o) = -3*h(o) + n(o). Give t(7).
-9
Suppose 0 = 3*o - 11*o. Let x(r) = -r + o*r**2 - 9 + 0*r**2 + 7 + 3*r**2 + r**3. What is x(-3)?
1
Let v(t) = t**3 + t**2 - t + 15. Let d(c) = -c**3 + 2*c - 15. Suppose -4*g + 15 = 3*r, -26 + 11 = -3*r + 4*g. Let i(x) = r*d(x) + 6*v(x). What is i(-6)?
-9
Let o(h) = -23*h**2 + 2*h + 4. Let x(l) = 11 - 25*l**2 - 7*l**2 + 2*l + 5*l**2 - 7. Let q(v) = -6*o(v) + 5*x(v). Calculate q(3).
17
Let p(u) be the first derivative of -1/2*u**4 - u**3 + 3/2*u**2 - 3*u - 147. Determine p(-3).
15
Let g(t) = 19*t. Let l(w) = 9*w. Let h(z) = -6*g(z) + 14*l(z). Let i be 4/(6*(-3)/963). Let o = i + 213. What is h(o)?
-12
Suppose 8*t = -0*t + 48. Let m(d) be the second derivative of 7*d + 0 + 5/2*d**2 - 1/20*d**5 + 5/12*d**4 + 7/6*d**3. Determine m(t).
11
Let y(m) = 2*m - 7. Let t be (-2)/(-4) + (-21)/(-2). Let z(x) = x**3 - 37*x**2 + 211*x - 28. Let g be z(30). Suppose g*p - 23 + t = 0. Determine y(p).
5
Let r = -63 + 65. Let p(d) = r + 1 + 3 - 13*d - 5. Give p(-2).
27
Let j(a) be the first derivative of -4*a**3/3 - 2*a**2 - 3*a + 67. Let b(g) = -11*g**2 - 12*g - 9. Let z(w) = -3*b(w) + 8*j(w). Give z(-6).
15
Let i be (4/6)/((-2)/(-15)). Let w(b) = 3*b**2 + 1363 - 461 - 23*b - 457 - 451. Let d(q) = -q**2 + 11*q + 3. Let u(c) = i*d(c) + 2*w(c). Give u(-8).
-5
Let m(g) = g**2 - 6*g. Let y(h) = -h**3 + 5*h**2 - 3*h - 3. Let f be y(3). Suppose 0 = f*u - 2*u + 16, 2*k - 4*u = 22. Give m(k).
-9
Let h be (6 - (-1820)/(-154)) + (-2)/11. Suppose -2 - 4 = -3*w - 3*p, 3*w - 10 = -p. Let q(c) = -2*c**2 - 1 - 7*c - 3*c**2 + w*c**2 - 1. What is q(h)?
4
Let l(z) = z**3 - 3*z**2 + 6*z. Let v = -2699 + 2702. What is l(v)?
18
Let q(u) = -u**3 + 14*u**2 - 9*u - 30. Let g = 7455 - 7442. Give q(g).
22
Let d = 2906 + -2913. Let t(g) = -g**3 - 4*g**2 + 15*g - 12. Give t(d).
30
Suppose x + 2*x - 60 = 0. Suppose -3*s - 2*b = -27, -4*s - 21*b = -19*b - 34. Suppose 62 = -s*r + x. Let u(j) = j + 2. Determine u(r).
-4
Let k(l) be the second derivative of 0 - 4*l**2 - 56*l - 3/2*l**3 - 1/12*l**4. Determine k(-9).
-8
Let x(i) be the third derivative of i**5/20 + 13*i**4/4 + 34*i**3/3 - 83*i**2 + 3*i - 5. Determine x(-25).
-7
Let m(j) = j**2 + 29*j + 166. Let b be (-158550)/7399 + (-6)/10*(-15)/21. Calculate m(b).
-2
Let l(d) = 6*d + 121. Let h(q) = q**2 + 37*q + 263. Let x be h(-26). What is l(x)?
-17
Let i = 108 - 104. Let p be (-17 - -30) + i*(0 - 1). Let j(g) = -g - 1. Give j(p).
-10
Let u be (20/(-25))/(2/(-5)). Let o(b) = 6*b + 7. Let l(c) = -10 - 240*c - 231*c + 464*c. Let p(t) = -3*l(t) - 4*o(t). Determine p(u).
-4
Let m(r) = r**3 + 6*r**2 + 4*r - 5. Let t = -31 + 59. Let h(v) = t*v - 45*v + 21*v + 11. Let f be h(-4). Give m(f).
0
Suppose 0 = 52*p - 140*p - 528. Let h(d) = d**2 + 3*d + 7. Give h(p).
25
Let w(u) = 1. Let r(k) = k - 5. Let p(g) = r(g) + 3*w(g). Let t = 753 + -747. Give p(t).
4
Let q(f) = 20*f**3 + 35*f**2 - 39*f + 95. Let p(k) = 7*k**3 + 12*k**2 - 13*k + 32. Let r(u) = 17*p(u) - 6*q(u). What is r(-8)?
-2
Let c(j) be the first derivative of -7*j**2/2 + 11*j + 211. Determine c(-8).
67
Let l(x) = x - 42. Let s(k) = -k - 227. Let w(a) = -5*l(a) + s(a). Determine w(-3).
1
Let i(q) be the second derivative of -q**4/12 + 3*q**3/2 + 3*q**2/2 + 2511*q. Give i(11).
-19
Let g(q) = q**3 + q**2 - 5*q + 15. Let p(a) = -a**3 + 6*a - 17. Let i(y) = -6*g(y) - 5*p(y). Let j(u) = 2*u - 16. Let z be j(6). Determine i(z).
-37
Let d(v) be the first derivative of -v**4/4 - 15*v**3 - 42*v**2 + 77*v + 4223. Calculate d(-43).
-9
Let n(y) = 185 - 4*y - 188 + 3*y. Let g(v) = 0*v + 3*v + 9 + 0*v. Let d(r) = 6*g(r) + 17*n(r). Give d(-4).
-1
Let h = -317 + 322. Let c(o) = -o + 6. Let t(q) = 2*q. Let j(w) = 13*w + 6. Let d(f) = 2*j(f) - 14*t(f). Let v(z) = 9*c(z) - 4*d(z). Determine v(h).
1
Let s(y) = 4*y - 180 - y - 215 + 355. Determine s(16).